 4*d - d + 18. Let s = t - d. List the prime factors of s.
2, 3
Let b(y) = -y**3 - 21*y**2 + 23*y + 24. Let l be b(-22). Suppose 4*a = l*a + 98. What are the prime factors of a?
7
Let r be (100/15)/(4/6). Suppose -r*q + 5*q = -1115. Suppose -2*d - 60 = -b + 3*d, -3*d = -4*b + q. What are the prime factors of b?
5, 11
Suppose -3*y + 15 = 0, 2*m + y = 5*m - 52. List the prime factors of m.
19
Let w(k) = 5 - 5*k**2 - 3*k + 0*k**2 + 2 + k**3. Let s be w(5). Let a = -2 - s. What are the prime factors of a?
2, 3
Let t be (-1 - -3 - -1) + -1 + 2. Suppose 1083 = t*s + 3*x, -s - 5*x + 274 = -x. What are the prime factors of s?
2, 3, 5
List the prime factors of (150/(-75))/(3/(4023/(-2))).
3, 149
Let y(c) = c**2 - 34*c - 16. List the prime factors of y(-16).
2, 7
Let f(a) = -a**2 + 7*a - 1. Suppose -3*y - 19 = -25. Suppose 0 = y*n - 4 - 2. List the prime factors of f(n).
11
Let j(m) = m**3 + 8*m**2 + 7*m. Let s be j(-7). Let x be -1 + s + (1 - -8). What are the prime factors of x + 3 + (-2)/1?
3
Suppose -9 - 6 = -3*c. Suppose -3*a + 0 + 3 = -5*l, 3*l - 5 = -c*a. Let d = a + 2. What are the prime factors of d?
3
Let g = 19 - -831. What are the prime factors of g?
2, 5, 17
Let k = -35 + 56. Let a = 21 - k. Suppose a = 5*g - 30 + 5. What are the prime factors of g?
5
Let g(r) = 29*r**2 - 6*r - 25. What are the prime factors of g(-3)?
2, 127
What are the prime factors of (-11756)/(-16) + 11/44?
3, 5, 7
Suppose 4*n + 3690 = 9*n + 5*p, 5*n - 3684 = -2*p. List the prime factors of n.
2, 23
Let u(s) = s**3 + 10*s - 22. Let o be u(3). Suppose -f + w = -11, -5*f + 3*w + 17 = -36. List the prime factors of ((-462)/o)/((-4)/f).
3, 11
Let t be (-133)/((2 - (-26)/(-14))*-1). Suppose -301 + t = 7*n. List the prime factors of n.
2, 3, 5
Let i(m) = 3*m**2 - 5*m - 20. Let j(h) = h**2 - 2*h - 7. Let t(r) = 4*i(r) - 11*j(r). Let g be t(-5). List the prime factors of 4/g*0 + 13.
13
Let w be (-291)/(-15) + (-6)/15. Suppose r + 6 = -q, -q + w = -4*r - 0*q. List the prime factors of (-1)/r - (-9)/5.
2
Let m(h) = -11*h + 9. Let l be (-2)/(-4) + (-17)/2. What are the prime factors of m(l)?
97
List the prime factors of 46/(-3)*(-558)/12.
23, 31
Suppose -q = -0*q - i - 4, 2*i = 0. Let s = q + -1. List the prime factors of s.
3
Let u(n) = -n**2 - 4*n + 3. Let b be u(-3). Let o = -2 + b. Suppose -8*q = -o*q - 56. What are the prime factors of q?
2, 7
Suppose t + 5*u = 2*t - 25, -2*t + 14 = 2*u. List the prime factors of ((-4)/(-20))/((-4)/t)*-74.
37
Suppose 3*s - 3*h = 204, -3*h = -4*h - 1. Suppose -8 = -v + s. List the prime factors of v.
3, 5
Suppose 4*m - 3751 = 5*a, 717 = 2*m - 5*a - 1146. List the prime factors of m.
2, 59
List the prime factors of (382/(-2))/(-2 - (1 - 2)).
191
Let y be 0 + -4 - (-3 + -4). Suppose 4*r = -y + 343. Suppose -7*w - j = -2*w - r, j + 77 = 4*w. What are the prime factors of w?
2, 3
Suppose 34*f = 8*f + 42380. List the prime factors of f.
2, 5, 163
Suppose 4*b = 11 - 3. Suppose 160 = 5*v - g, b*v + g = -g + 52. List the prime factors of v.
31
Let l be (-12)/4 + 2*3. Let g be (2 + -3)/(l/75). Let b = g + 36. List the prime factors of b.
11
Let z(p) = -p**2 - 5*p + 8. Let a = -8 - -2. Let s be z(a). Suppose 2*q + 5*g + s = -19, -3*g = q + 13. List the prime factors of q.
2
Let t(p) = -20*p**2 - 3*p + 15. Let y(l) = -7*l**2 - l + 5. Let m(f) = -6*t(f) + 17*y(f). Let c = 5 - 1. List the prime factors of m(c).
3, 5
Let w(k) = -312*k - 274. What are the prime factors of w(-9)?
2, 7, 181
Let k = -9 - -45. Suppose 5*b + b = k. What are the prime factors of b?
2, 3
Suppose -4*x - 2*s = -3852, 32*s - 2898 = -3*x + 35*s. What are the prime factors of x?
2, 241
Let c(d) = 2*d**3 - 8*d + 10. Let r(u) = -u**3 + 7*u - 11. Let w(s) = 2*c(s) + 3*r(s). List the prime factors of w(5).
137
Let r(q) = 4*q**2 - 3*q + 5. Suppose 3*w - 5*p + 8 = 0, w + 8 = -w + 4*p. Let l be r(w). Suppose -2*k + l = 1. List the prime factors of k.
2, 7
Suppose -169*n + 1898 = -167*n. What are the prime factors of n?
13, 73
Let r(b) = b**3 + 9*b**2 + 7*b - 6. Let f be r(-8). Let p(o) = 0*o - 7*o - o + f. List the prime factors of p(-2).
2, 3
Let s(y) = -3*y - 53. Let x be s(-22). What are the prime factors of x + -8 - (0 + -49)?
2, 3
Let w(u) = 7*u**3 - 2*u**2 + u. Suppose 0 = -25*f + 26*f - 1. List the prime factors of w(f).
2, 3
Suppose -17 = -3*h + 22. Suppose 0 = -3*s + 2 + h. Suppose -d - 4*v - 5 = 0, -4*d + 2*d - s*v - 1 = 0. List the prime factors of d.
7
Suppose -98883 = -50*r + 41567. List the prime factors of r.
53
Suppose 18 - 14 = 2*q. List the prime factors of 4464/30 - q/(-10).
149
Let j = -184 - -268. Suppose -j = -5*p + 11. What are the prime factors of p?
19
Suppose 0 = -7*m + 2*m + 50. Suppose 6 = 2*d + 2. Let p = m - d. List the prime factors of p.
2
Let b(s) = -33*s + 6. Let m be b(0). Let l(c) = -12*c. Let v be l(-1). What are the prime factors of (-152)/v*(-27)/m?
3, 19
Let p = 11 + -8. Suppose 0 = r - 2*w - 101, 7*r + 3*w - 404 = p*r. What are the prime factors of r?
101
Let o(u) = u**3 - 51*u**2 - 69*u + 345. List the prime factors of o(53).
2, 1153
Let x(a) = -6*a - 6. Let t(j) = 7*j + 6. Suppose -15 = 2*n - 7. Let l(q) = n*t(q) - 3*x(q). List the prime factors of l(-5).
2, 11
Suppose a - 17 = 4*u - 1, -a - u - 9 = 0. Let h be 4 - a/((-16)/(-4)). Suppose -o + 71 = 4*q, -h*q - 2*o = 2*o - 97. What are the prime factors of q?
17
Let c(a) = a**3 + 4*a**2 + 4*a + 10. Let t be c(-3). What are the prime factors of ((-246)/t)/(39/(-182))?
2, 41
Suppose 5760 = -26*l + 15094. List the prime factors of l.
359
Suppose -73 = -4*b + 31. List the prime factors of b.
2, 13
Let q(y) = 36*y - 58. What are the prime factors of q(22)?
2, 367
Let q(l) = -l. Let u be q(4). Let b(r) = -49*r - 56*r + 5 - 56*r + 149*r. List the prime factors of b(u).
53
Let o(n) = -n + 9. Let d = 28 - 22. Let s be o(d). List the prime factors of (-4 + s)/((-1)/43).
43
Suppose -5*o + 6995 = -4*m, 2816 = -91*o + 93*o + 2*m. What are the prime factors of o?
23, 61
Suppose -4*l + k = 38, 0*l + 3*l + 3*k = -21. List the prime factors of ((-17)/3)/(1/l).
3, 17
Let r(w) = -176*w - 128. What are the prime factors of r(-6)?
2, 29
Suppose 0 = -4*u - 6 + 230. Let v = u - -24. List the prime factors of v.
2, 5
Suppose 25954 + 37736 = 22*r. List the prime factors of r.
3, 5, 193
Let z(v) = 410*v - 243. List the prime factors of z(4).
11, 127
Let i = 42 - -390. What are the prime factors of i?
2, 3
Let x = 247 + -167. What are the prime factors of x?
2, 5
Suppose -5*v + s + 80 = -3, 4*v - 5*s = 58. Let l(t) = 3*t**2 - 32*t - 12. List the prime factors of l(v).
311
Let v(k) = 8*k + 6. Let q be v(9). List the prime factors of q*2/(20/25).
3, 5, 13
Let j(h) = -h**3 - 3*h**2 + 3*h - 10. Let y be j(-7). Suppose 7*k - 2*k = y. What are the prime factors of (8/(-12))/((-1)/k)?
2, 11
Let p(u) = -12*u. Let b be p(3). Let m(x) = -x**2 - 22*x - 68. Let y be m(-12). Let j = y + b. What are the prime factors of j?
2
Let g(i) = 172*i**2 + 6*i - 18. List the prime factors of g(4).
2, 7, 197
Let h be -14 + 15 + 10/2. Suppose -h + 14 = 4*i. List the prime factors of (-13)/(-2)*(i + 8).
5, 13
Suppose -v = -t - 2005, 9*v = 12*v - 2*t - 6011. What are the prime factors of v?
3, 23, 29
Let u(d) = 14*d**2 - 4*d + 4. Let t be u(4). Suppose -t = -2*i - 3*n + 148, 0 = -2*n. What are the prime factors of i?
2, 3, 5
Let z be 2/(-4) + (-20)/(-8) - 0. Suppose 0 = -5*m - 2*v + 481, z*m + 4*v = 2*v + 190. List the prime factors of m.
97
Suppose -28*g - 10653 + 49965 = 0. What are the prime factors of g?
2, 3, 13
Suppose -2*b + b - 2 = 0. Suppose 4 = -2*m + 2. List the prime factors of (-5)/1*(b + m).
3, 5
Let t be (-11228)/(-44) - (24/33)/4. Suppose -2*m + t = 3*s, m - 4*m = -9. What are the prime factors of s?
83
Suppose -10*h + 1119 = -18241. List the prime factors of h.
2, 11
Let r(t) = -15 - 2*t**2 + 5*t + t**2 + 23*t. What are the prime factors of r(12)?
3, 59
Let n(u) = 2*u**3 - u**2 - 3*u + 3. Let f = -9 + 13. Suppose -3*l + 17 = -4*k, f*k - 8 = 5*l - 31. List the prime factors of n(l).
3, 13
Let v = 535 - -1054. List the prime factors of v.
7, 227
List the prime factors of ((-12452)/(-55))/(3/15).
2, 283
Let m(c) = 4*c + 0*c - 8*c + 6 - 4*c. What are the prime factors of m(-9)?
2, 3, 13
Suppose f + 2*f = 3*t + 594, 2*t + f = -402. Let a b